{"id":6441,"date":"2023-06-23T11:26:29","date_gmt":"2023-06-23T11:26:29","guid":{"rendered":"https:\/\/dgtl-planet.com\/?page_id=6441"},"modified":"2024-04-16T14:25:32","modified_gmt":"2024-04-16T14:25:32","slug":"android-cihazlar","status":"publish","type":"page","link":"https:\/\/dgtl-planet.media\/turkce_iptv\/android-cihazlar\/","title":{"rendered":"XCIPTV PLAYER Uygulamas\u0131 ile Android'de IPTV kurulumu nas\u0131l yap\u0131l\u0131r"},"content":{"rendered":"<div data-elementor-type=\"wp-page\" data-elementor-id=\"6441\" class=\"elementor elementor-6441\" data-elementor-post-type=\"page\">\n\t\t\t\t\t\t<section class=\"elementor-section elementor-top-section elementor-element elementor-element-9a52851 elementor-section-boxed elementor-section-height-default elementor-section-height-default\" data-id=\"9a52851\" data-element_type=\"section\" data-e-type=\"section\">\n\t\t\t\t\t\t<div class=\"elementor-container elementor-column-gap-default\">\n\t\t\t\t\t<div class=\"elementor-column elementor-col-100 elementor-top-column elementor-element elementor-element-2e1e226\" data-id=\"2e1e226\" data-element_type=\"column\" data-e-type=\"column\">\n\t\t\t<div class=\"elementor-widget-wrap elementor-element-populated\">\n\t\t\t\t\t\t<div class=\"elementor-element elementor-element-8c2b247 elementor-widget elementor-widget-heading\" data-id=\"8c2b247\" data-element_type=\"widget\" data-e-type=\"widget\" data-widget_type=\"heading.default\">\n\t\t\t\t\t<h1 class=\"elementor-heading-title elementor-size-default\">XCIPTV PLAYER Uygulamas\u0131 ile Android'de IPTV kurulumu nas\u0131l yap\u0131l\u0131r<\/h1>\t\t\t\t<\/div>\n\t\t\t\t<div class=\"elementor-element elementor-element-1089fd1 elementor-widget elementor-widget-heading\" data-id=\"1089fd1\" data-element_type=\"widget\" data-e-type=\"widget\" data-widget_type=\"heading.default\">\n\t\t\t\t\t<h3 class=\"elementor-heading-title elementor-size-default\">XCIPTV Player Android Cihazlara Nas\u0131l Y\u00fcklenir<\/h3>\t\t\t\t<\/div>\n\t\t\t\t<div class=\"elementor-element elementor-element-6be089c elementor-widget elementor-widget-text-editor\" data-id=\"6be089c\" data-element_type=\"widget\" data-e-type=\"widget\" data-widget_type=\"text-editor.default\">\n\t\t\t\t\t\t\t\t\t<p style=\"text-align: center;\"><strong><span style=\"color: #003300;\">1) Android cihaz\u0131n\u0131z\u0131n kilidini a\u00e7\u0131n ve Play Store'a (Google Play) gidin.<\/span><\/strong><\/p><p style=\"text-align: center;\"><strong><span style=\"color: #003300;\">(2) Google Play Store'da XCIPTV Player i\u00e7in arama yap\u0131n.<\/span><\/strong><\/p>\t\t\t\t\t\t\t\t<\/div>\n\t\t\t\t<div class=\"elementor-element elementor-element-dd9d078 elementor-widget elementor-widget-image\" data-id=\"dd9d078\" data-element_type=\"widget\" data-e-type=\"widget\" data-widget_type=\"image.default\">\n\t\t\t\t\t\t\t\t\t\t\t\t\t\t\t<img fetchpriority=\"high\" decoding=\"async\" width=\"685\" height=\"226\" src=\"https:\/\/dgtl-planet.media\/wp-content\/uploads\/2023\/06\/image_2023-03-31_140909057.png\" class=\"attachment-large size-large wp-image-6442\" alt=\"\" srcset=\"https:\/\/dgtl-planet.media\/wp-content\/uploads\/2023\/06\/image_2023-03-31_140909057.png.webp 685w, https:\/\/dgtl-planet.media\/wp-content\/uploads\/2023\/06\/image_2023-03-31_140909057-300x99.png.webp 300w\" sizes=\"(max-width: 685px) 100vw, 685px\" \/>\t\t\t\t\t\t\t\t\t\t\t\t\t\t\t<\/div>\n\t\t\t\t<div class=\"elementor-element elementor-element-a9058e0 elementor-widget elementor-widget-text-editor\" data-id=\"a9058e0\" data-element_type=\"widget\" data-e-type=\"widget\" data-widget_type=\"text-editor.default\">\n\t\t\t\t\t\t\t\t\t<div class=\"elementor-element elementor-element-95dc8ed elementor-widget elementor-widget-heading\" data-id=\"95dc8ed\" data-element_type=\"widget\" data-widget_type=\"heading.default\"><div class=\"elementor-widget-container\"><h1 class=\"elementor-heading-title elementor-size-medium\" style=\"text-align: center;\"><strong><span style=\"color: #003300;\">(3) XCIPTV Player'\u0131 Android cihaz\u0131n\u0131za y\u00fcklemek i\u00e7in Y\u00fckle'yi se\u00e7in.<\/span><\/strong><\/h1><p style=\"text-align: center;\"><strong><span style=\"color: #003300;\">(4) IPTV oynat\u0131c\u0131y\u0131 ba\u015flat\u0131n.<\/span><\/strong><\/p><\/div><\/div>\t\t\t\t\t\t\t\t<\/div>\n\t\t\t\t<div class=\"elementor-element elementor-element-07fd970 elementor-widget elementor-widget-image\" data-id=\"07fd970\" data-element_type=\"widget\" data-e-type=\"widget\" data-widget_type=\"image.default\">\n\t\t\t\t\t\t\t\t\t\t\t\t\t\t\t<img decoding=\"async\" width=\"763\" height=\"428\" src=\"https:\/\/dgtl-planet.media\/wp-content\/uploads\/2023\/06\/image_2023-03-31_141056341.png\" class=\"attachment-large size-large wp-image-6443\" alt=\"\" srcset=\"https:\/\/dgtl-planet.media\/wp-content\/uploads\/2023\/06\/image_2023-03-31_141056341.png.webp 763w, https:\/\/dgtl-planet.media\/wp-content\/uploads\/2023\/06\/image_2023-03-31_141056341-300x168.png.webp 300w\" sizes=\"(max-width: 763px) 100vw, 763px\" \/>\t\t\t\t\t\t\t\t\t\t\t\t\t\t\t<\/div>\n\t\t\t\t<div class=\"elementor-element elementor-element-908ba60 elementor-widget elementor-widget-text-editor\" data-id=\"908ba60\" data-element_type=\"widget\" data-e-type=\"widget\" data-widget_type=\"text-editor.default\">\n\t\t\t\t\t\t\t\t\t<p class=\"elementor-heading-title elementor-size-medium\" style=\"text-align: center;\"><strong><span style=\"color: #003300;\">(5) XCIPTV APK's\u0131n\u0131 cihaz\u0131n\u0131za ba\u015far\u0131yla y\u00fcklediniz!<\/span><\/strong><\/p><p style=\"text-align: center;\"><strong><span style=\"color: #003300;\">IPTV hizmeti oturum a\u00e7ma kimlik bilgilerinizi girin ve tamamland\u0131\u011f\u0131nda Oturum A\u00e7'a t\u0131klay\u0131n.<\/span><\/strong><\/p>\t\t\t\t\t\t\t\t<\/div>\n\t\t\t\t<div class=\"elementor-element elementor-element-a4657fe elementor-widget elementor-widget-image\" data-id=\"a4657fe\" data-element_type=\"widget\" data-e-type=\"widget\" data-widget_type=\"image.default\">\n\t\t\t\t\t\t\t\t\t\t\t\t\t\t\t<img decoding=\"async\" width=\"761\" height=\"432\" src=\"https:\/\/dgtl-planet.media\/wp-content\/uploads\/2023\/06\/image_2023-03-31_141332484.png\" class=\"attachment-large size-large wp-image-6444\" alt=\"\" srcset=\"https:\/\/dgtl-planet.media\/wp-content\/uploads\/2023\/06\/image_2023-03-31_141332484.png.webp 761w, https:\/\/dgtl-planet.media\/wp-content\/uploads\/2023\/06\/image_2023-03-31_141332484-300x170.png.webp 300w\" sizes=\"(max-width: 761px) 100vw, 761px\" \/>\t\t\t\t\t\t\t\t\t\t\t\t\t\t\t<\/div>\n\t\t\t\t<div class=\"elementor-element elementor-element-14699a4 elementor-widget elementor-widget-text-editor\" data-id=\"14699a4\" data-element_type=\"widget\" data-e-type=\"widget\" data-widget_type=\"text-editor.default\">\n\t\t\t\t\t\t\t\t\t<p class=\"elementor-heading-title elementor-size-medium\" style=\"text-align: center;\"><span style=\"color: #003300;\">(6) Bitti! Keyfini \u00e7\u0131kar\u0131n<\/span><\/p>\t\t\t\t\t\t\t\t<\/div>\n\t\t\t\t<div class=\"elementor-element elementor-element-2a7978f elementor-widget elementor-widget-image\" data-id=\"2a7978f\" data-element_type=\"widget\" data-e-type=\"widget\" data-widget_type=\"image.default\">\n\t\t\t\t\t\t\t\t\t\t\t\t\t\t\t<img loading=\"lazy\" decoding=\"async\" width=\"758\" height=\"432\" src=\"https:\/\/dgtl-planet.media\/wp-content\/uploads\/2023\/06\/image_2023-03-31_141502812.png\" class=\"attachment-large size-large wp-image-6445\" alt=\"\" srcset=\"https:\/\/dgtl-planet.media\/wp-content\/uploads\/2023\/06\/image_2023-03-31_141502812.png.webp 758w, https:\/\/dgtl-planet.media\/wp-content\/uploads\/2023\/06\/image_2023-03-31_141502812-300x171.png.webp 300w\" sizes=\"(max-width: 758px) 100vw, 758px\" \/>\t\t\t\t\t\t\t\t\t\t\t\t\t\t\t<\/div>\n\t\t\t\t\t<\/div>\n\t\t<\/div>\n\t\t\t\t\t<\/div>\n\t\t<\/section>\n\t\t\t\t<\/div>","protected":false},"excerpt":{"rendered":"<p>XCIPTV PLAYER Uygulamas\u0131 ile Android'de IPTV kurulumu nas\u0131l yap\u0131l\u0131r XCIPTV Player Android Cihazlara Nas\u0131l Kurulur 1) Android cihaz\u0131n\u0131z\u0131n kilidini a\u00e7\u0131n ve Play Store'a (Google Play) gidin. (2) Google Play Store'da XCIPTV Player'a g\u00f6z at\u0131n. (3) XCIPTV Player'\u0131 Android cihaz\u0131n\u0131za y\u00fcklemek i\u00e7in Y\u00fckle'yi se\u00e7in. (4) IPTV'yi ba\u015flat\u0131n...<\/p>","protected":false},"author":1,"featured_media":0,"parent":0,"menu_order":0,"comment_status":"closed","ping_status":"closed","template":"","meta":{"_kadence_starter_templates_imported_post":false,"_kad_post_transparent":"","_kad_post_title":"hide","_kad_post_layout":"fullwidth","_kad_post_sidebar_id":"","_kad_post_content_style":"unboxed","_kad_post_vertical_padding":"hide","_kad_post_feature":"hide","_kad_post_feature_position":"","_kad_post_header":false,"_kad_post_footer":false,"_kad_post_classname":"","_joinchat":[],"footnotes":""},"class_list":["post-6441","page","type-page","status-publish","hentry"],"_links":{"self":[{"href":"https:\/\/dgtl-planet.media\/turkce_iptv\/wp-json\/wp\/v2\/pages\/6441","targetHints":{"allow":["GET"]}}],"collection":[{"href":"https:\/\/dgtl-planet.media\/turkce_iptv\/wp-json\/wp\/v2\/pages"}],"about":[{"href":"https:\/\/dgtl-planet.media\/turkce_iptv\/wp-json\/wp\/v2\/types\/page"}],"author":[{"embeddable":true,"href":"https:\/\/dgtl-planet.media\/turkce_iptv\/wp-json\/wp\/v2\/users\/1"}],"replies":[{"embeddable":true,"href":"https:\/\/dgtl-planet.media\/turkce_iptv\/wp-json\/wp\/v2\/comments?post=6441"}],"version-history":[{"count":9,"href":"https:\/\/dgtl-planet.media\/turkce_iptv\/wp-json\/wp\/v2\/pages\/6441\/revisions"}],"predecessor-version":[{"id":6455,"href":"https:\/\/dgtl-planet.media\/turkce_iptv\/wp-json\/wp\/v2\/pages\/6441\/revisions\/6455"}],"wp:attachment":[{"href":"https:\/\/dgtl-planet.media\/turkce_iptv\/wp-json\/wp\/v2\/media?parent=6441"}],"curies":[{"name":"wp","href":"https:\/\/api.w.org\/{rel}","templated":true}]}}