{"id":7413,"date":"2024-02-06T13:10:15","date_gmt":"2024-02-06T13:10:15","guid":{"rendered":"https:\/\/dgtl-planet.com\/?page_id=7413"},"modified":"2025-01-12T00:31:36","modified_gmt":"2025-01-12T00:31:36","slug":"przesylanie-referencji","status":"publish","type":"page","link":"https:\/\/dgtl-planet.media\/polish_iptv\/przesylanie-referencji\/","title":{"rendered":"Refferals-submit"},"content":{"rendered":"<style>.kadence-column7413_d8eede-ca > .kt-inside-inner-col,.kadence-column7413_d8eede-ca > .kt-inside-inner-col:before{border-top-left-radius:0px;border-top-right-radius:0px;border-bottom-right-radius:0px;border-bottom-left-radius:0px;}.kadence-column7413_d8eede-ca > .kt-inside-inner-col{column-gap:var(--global-kb-gap-sm, 1rem);}.kadence-column7413_d8eede-ca > .kt-inside-inner-col{flex-direction:column;}.kadence-column7413_d8eede-ca > .kt-inside-inner-col > .aligncenter{width:100%;}.kadence-column7413_d8eede-ca > .kt-inside-inner-col:before{opacity:0.3;}.kadence-column7413_d8eede-ca{position:relative;}@media all and (max-width: 1024px){.kadence-column7413_d8eede-ca > .kt-inside-inner-col{flex-direction:column;justify-content:center;}}@media all and (max-width: 767px){.kadence-column7413_d8eede-ca > .kt-inside-inner-col{flex-direction:column;justify-content:center;}}<\/style>\n<div class=\"wp-block-kadence-column kadence-column7413_d8eede-ca\"><div class=\"kt-inside-inner-col\">\n<h1 class=\"wp-block-heading alignwide has-text-align-center\" id=\"h-referral-program\"><mark style=\"background-color:rgba(0, 0, 0, 0)\" class=\"has-inline-color has-theme-palette-1-color\">Program polece\u0144<\/mark><\/h1>\n<\/div><\/div>\n\n\n<style>.kadence-column7413_3205c4-60 > .kt-inside-inner-col,.kadence-column7413_3205c4-60 > .kt-inside-inner-col:before{border-top-left-radius:0px;border-top-right-radius:0px;border-bottom-right-radius:0px;border-bottom-left-radius:0px;}.kadence-column7413_3205c4-60 > .kt-inside-inner-col{column-gap:var(--global-kb-gap-sm, 1rem);}.kadence-column7413_3205c4-60 > .kt-inside-inner-col{flex-direction:column;}.kadence-column7413_3205c4-60 > .kt-inside-inner-col > .aligncenter{width:100%;}.kadence-column7413_3205c4-60 > .kt-inside-inner-col:before{opacity:0.3;}.kadence-column7413_3205c4-60{position:relative;}@media all and (max-width: 1024px){.kadence-column7413_3205c4-60 > .kt-inside-inner-col{flex-direction:column;justify-content:center;}}@media all and (max-width: 767px){.kadence-column7413_3205c4-60 > .kt-inside-inner-col{flex-direction:column;justify-content:center;}}<\/style>\n<div class=\"wp-block-kadence-column kadence-column7413_3205c4-60\"><div class=\"kt-inside-inner-col\">\n\n<style>.kadence-column7413_052f7b-26 > .kt-inside-inner-col,.kadence-column7413_052f7b-26 > .kt-inside-inner-col:before{border-top-left-radius:0px;border-top-right-radius:0px;border-bottom-right-radius:0px;border-bottom-left-radius:0px;}.kadence-column7413_052f7b-26 > .kt-inside-inner-col{column-gap:var(--global-kb-gap-sm, 1rem);}.kadence-column7413_052f7b-26 > .kt-inside-inner-col{flex-direction:column;}.kadence-column7413_052f7b-26 > .kt-inside-inner-col > .aligncenter{width:100%;}.kadence-column7413_052f7b-26 > .kt-inside-inner-col:before{opacity:0.3;}.kadence-column7413_052f7b-26{position:relative;}@media all and (max-width: 1024px){.kadence-column7413_052f7b-26 > .kt-inside-inner-col{flex-direction:column;justify-content:center;}}@media all and (max-width: 767px){.kadence-column7413_052f7b-26 > .kt-inside-inner-col{flex-direction:column;justify-content:center;}}<\/style>\n<div class=\"wp-block-kadence-column kadence-column7413_052f7b-26\"><div class=\"kt-inside-inner-col\">\n<h2 class=\"wp-block-heading\" id=\"h-referral-program-rules\"><strong>Zasady programu polece\u0144:<\/strong><\/h2>\n\n\n\n<p>Aby wzi\u0105\u0107 udzia\u0142 w naszym programie polece\u0144, wystarczy rozpowszechni\u0107 informacje o naszych us\u0142ugach IPTV w\u015br\u00f3d znajomych, rodziny lub ka\u017cdego, kto lubi \u015bwietn\u0105 rozrywk\u0119. Gdy zarejestruj\u0105 si\u0119 z Twojego polecenia, otrzymasz bezp\u0142atn\u0105 1-miesi\u0119czn\u0105 subskrypcj\u0119 IPTV. Po zarejestrowaniu si\u0119, prosimy o podanie obu adres\u00f3w e-mail za po\u015brednictwem udost\u0119pnionego formularza. Po aktywacji subskrypcji otrzymasz nagrod\u0119.<\/p>\n\n\n\n<p> Dzi\u0119kujemy za pomoc w rozwijaniu naszej spo\u0142eczno\u015bci IPTV!<\/p>\n<\/div><\/div>\n\n\n<style>.kadence-column7413_6b4a04-c0 > .kt-inside-inner-col,.kadence-column7413_6b4a04-c0 > .kt-inside-inner-col:before{border-top-left-radius:0px;border-top-right-radius:0px;border-bottom-right-radius:0px;border-bottom-left-radius:0px;}.kadence-column7413_6b4a04-c0 > .kt-inside-inner-col{column-gap:var(--global-kb-gap-sm, 1rem);}.kadence-column7413_6b4a04-c0 > .kt-inside-inner-col{flex-direction:column;}.kadence-column7413_6b4a04-c0 > .kt-inside-inner-col > .aligncenter{width:100%;}.kadence-column7413_6b4a04-c0 > .kt-inside-inner-col:before{opacity:0.3;}.kadence-column7413_6b4a04-c0{position:relative;}@media all and (max-width: 1024px){.kadence-column7413_6b4a04-c0 > .kt-inside-inner-col{flex-direction:column;justify-content:center;}}@media all and (max-width: 767px){.kadence-column7413_6b4a04-c0 > .kt-inside-inner-col{flex-direction:column;justify-content:center;}}<\/style>\n<div class=\"wp-block-kadence-column kadence-column7413_6b4a04-c0\"><div class=\"kt-inside-inner-col\"><div class=\"aligncenter wp-block-site-logo\"><a href=\"https:\/\/dgtl-planet.media\/polish_iptv\/\" class=\"custom-logo-link\" rel=\"home\"><img decoding=\"async\" width=\"250\" height=\"80\" src=\"https:\/\/dgtl-planet.media\/wp-content\/uploads\/2023\/04\/DIGITAL-PLANET-1-1.png\" class=\"custom-logo\" alt=\"iptv, uk iptv, polska telewizja iptv w uk, iptv abonament, iptv one, fire stick iptv, iptv online, mama iptv, iptv najlepsza aplikacja, top 5 dostawc\u00f3w iptv, iptv m3u, iptv smarters pro abonament, najlepsza iptv na firestick 2023 uk, iptv vod, iptv polska w uk, subskrypcja firestick iptv, subskrypcja iptv uk, subskrypcja tivimate iptv, polska iptv w uk, kup xtream iptv, iptv top box, xtream iptv kup, iptv great, najlepsza iptv dla kodi, dostawcy tre\u015bci iptv, najlepsza subskrypcja iptv uk, recenzje iptv, firestick iptv uk, indyjska iptv uk, iptv sub, najlepsza lista iptv m3u, iptv firestick uk, tv ip, kup iptv, bunnystreams iptv, iptv smarters pro buy, uk m3u, firestick iptv services, premium iptv service, iptv 1 month, best iptv stick, uk based iptv, iptv smarters uk, najlepszy iptv dla premier league, kana\u0142y iptv online, najlepszy iptv firestick uk, us\u0142uga iptv 4k, najlepszy iptv dla smart tv, iptv firestick 2023, najlepszy firestick iptv, sky iptv uk, iptv live stream, kana\u0142 iptv, najlepsza subskrypcja iptv, iptv dla fire tv stick, najlepsza us\u0142uga iptv, premium iptv uk, us\u0142uga streamingu iptv, 4k iptv uk, beste ip tv, one iptv uk, kup iptv smarters pro, dostawcy iptv firestick, kup kana\u0142y iptv, homeplex iptv, ip tv stick, dostawcy iptv tv, iptv na androida, tania subskrypcja iptv, buybestiptv, internet iptv box, 4k firestick iptv, smart tv smart iptv, m3u abonament, najlepszy iptv dla samsung tv, najlepsza us\u0142uga iptv, ip tv tv, najlepsza us\u0142uga ip tv, uk iptv firestick, wszystkie kana\u0142y iptv, amazon fire stick iptv, najlepszy iptv m3u, najlepszy iptv dla lg tv, tv online iptv, subskrypcja iptv w uk, najlepszy iptv samsung, iptv w firestick, iptv streams uk, bestiptvservice, dostawca kana\u0142\u00f3w iptv, internet iptv, dostawca iptv 4k, lista kana\u0142\u00f3w iptv, iptv dla sportu, najlepszy iptv dla ipad, brytyjscy dostawcy iptv, oferta iptv, telewizja dla doros\u0142ych iptv, subskrypcja iptv box, najlepsze z iptv, najlepsze iptv dla, dostawcy subskrypcji iptv, najlepsza us\u0142uga iptv w uk, dostawca iptv 4k, najlepsza iptv dla fire stick, url kana\u0142u iptv, subskrypcja iptv tv, android iptv, najlepszy streaming iptv, dostawca streamu iptv, m3u tv, kup subskrypcj\u0119 iptv uk, najlepsze streamingi iptv, iptv uk sport, live iptv kodi, najlepszy iptv premier league, subskrypcja iptv online, najlepszy serwer iptv, iptv sport tv, najlepsza strona iptv, pakiety subskrypcji iptv, najlepsze iptv dla kana\u0142\u00f3w uk, najlepsza lista iptv, kup premium iptv, najlepsi dostawcy us\u0142ug iptv, iptv najlepsza oferta, android tv iptv, najlepsze iptv na \u015bwiecie, uk najlepsze iptv, wszystkie us\u0142ugi iptv, bezb\u0142\u0119dne iptv, dostawca us\u0142ug iptv usa, kana\u0142y kodi uk, kupuj strumienie iptv, najlepsze iptv dla sportu uk, najszybsze iptv, dostawca premium iptv, tak kana\u0142y iptv, iptv w tv, najlepsze iptv dla firestick uk, stream iptv do tv, us\u0142uga ip tv, iptv best one, firmy iptv, iptv rumunia w uk, najlepsza us\u0142uga iptv dla androida, najlepsza telewizja iptv, kana\u0142y premium iptv, p\u0142atna subskrypcja iptv, najlepsza ott iptv, kup iptv smarters, subskrypcja mag box uk, stream iptv, telewizja iptv, najlepsza us\u0142uga streamingu iptv, wysokiej jako\u015bci iptv, najlepsza iptv dla ppv, dobra us\u0142uga iptv, najlepszy fire stick iptv, miesi\u0119czna subskrypcja iptv, iptv szkocja, ip tv online, us\u0142uga iptv uk, bezb\u0142\u0119dne iptv uk, pliki m3u, najlepsze iptv bez buforowania, dostawcy iptv dla firestick, najlepsze iptv dla sport\u00f3w na \u017cywo, najlepsze pude\u0142ko iptv, ip tv live, iptv new, 4k iptv subscription, buy m3u list, m3u url, best iptv server uk, good iptv providers, best iptv provider for firestick, best iptv for mag box, best iptv in the uk, fire cube iptv, top 10 iptv providers, fire tv iptv, iptv website, subskrypcja serwera iptv, subskrypcja smarters iptv, android box tv iptv, amazon fire tv iptv, najlepsza subskrypcja iptv, kup iptv online, kana\u0142 dla doros\u0142ych iptv, iptv dla smart tv, p\u0142atna iptv, najlepsza p\u0142atna us\u0142uga iptv, najlepsza iptv dla vod, najlepszy dostawca iptv dla tivimate, najlepsza telewizja ip, telewizja internetowa iptv, najlepsza us\u0142uga subskrypcji iptv, kana\u0142y ip w telewizji, kup panel iptv, kup playlist\u0119 m3u, najlepsza telewizja ip, streamery iptv, pakiet ip tv, najlepsza telewizja iptv dla mag, najlepszy pakiet iptv, najlepsi dostawcy subskrypcji iptv, najlepsza telewizja iptv 4k\" srcset=\"https:\/\/dgtl-planet.media\/wp-content\/uploads\/2023\/04\/DIGITAL-PLANET-1-1.png 625w, https:\/\/dgtl-planet.media\/wp-content\/uploads\/2023\/04\/DIGITAL-PLANET-1-1-300x96.png 300w\" sizes=\"(max-width: 250px) 100vw, 250px\" \/><\/a><\/div><\/div><\/div>\n<\/div><\/div>","protected":false},"excerpt":{"rendered":"<p>Referral Program Referral Program Rules: To participate in our referral program, simply spread the word about our IPTV services to your friends, family, or anyone who enjoys great entertainment. When they sign up using your referral, and you will receive a complimentary 1-month IPTV subscription. After they sign up, please provide both of your email&#8230;<\/p>","protected":false},"author":1,"featured_media":0,"parent":0,"menu_order":0,"comment_status":"closed","ping_status":"closed","template":"","meta":{"_kadence_starter_templates_imported_post":false,"_kad_post_transparent":"","_kad_post_title":"","_kad_post_layout":"","_kad_post_sidebar_id":"","_kad_post_content_style":"","_kad_post_vertical_padding":"","_kad_post_feature":"","_kad_post_feature_position":"","_kad_post_header":false,"_kad_post_footer":false,"_kad_post_classname":"","_joinchat":[],"footnotes":""},"class_list":["post-7413","page","type-page","status-publish","hentry"],"_links":{"self":[{"href":"https:\/\/dgtl-planet.media\/polish_iptv\/wp-json\/wp\/v2\/pages\/7413","targetHints":{"allow":["GET"]}}],"collection":[{"href":"https:\/\/dgtl-planet.media\/polish_iptv\/wp-json\/wp\/v2\/pages"}],"about":[{"href":"https:\/\/dgtl-planet.media\/polish_iptv\/wp-json\/wp\/v2\/types\/page"}],"author":[{"embeddable":true,"href":"https:\/\/dgtl-planet.media\/polish_iptv\/wp-json\/wp\/v2\/users\/1"}],"replies":[{"embeddable":true,"href":"https:\/\/dgtl-planet.media\/polish_iptv\/wp-json\/wp\/v2\/comments?post=7413"}],"version-history":[{"count":7,"href":"https:\/\/dgtl-planet.media\/polish_iptv\/wp-json\/wp\/v2\/pages\/7413\/revisions"}],"predecessor-version":[{"id":8658,"href":"https:\/\/dgtl-planet.media\/polish_iptv\/wp-json\/wp\/v2\/pages\/7413\/revisions\/8658"}],"wp:attachment":[{"href":"https:\/\/dgtl-planet.media\/polish_iptv\/wp-json\/wp\/v2\/media?parent=7413"}],"curies":[{"name":"wp","href":"https:\/\/api.w.org\/{rel}","templated":true}]}}