{"id":3,"date":"2022-06-05T09:02:36","date_gmt":"2022-06-05T09:02:36","guid":{"rendered":"https:\/\/nouhefikri.ml\/?page_id=3"},"modified":"2025-01-15T19:58:53","modified_gmt":"2025-01-15T19:58:53","slug":"polityka-prywatnosci","status":"publish","type":"page","link":"https:\/\/dgtl-planet.media\/polish_iptv\/polityka-prywatnosci\/","title":{"rendered":"Polityka prywatno\u015bci"},"content":{"rendered":"<div data-elementor-type=\"wp-page\" data-elementor-id=\"3\" class=\"elementor elementor-3\" data-elementor-post-type=\"page\">\n\t\t\t\t\t\t<section class=\"elementor-section elementor-top-section elementor-element elementor-element-2600d196 elementor-section-boxed elementor-section-height-default elementor-section-height-default\" data-id=\"2600d196\" data-element_type=\"section\" data-e-type=\"section\">\n\t\t\t\t\t\t<div class=\"elementor-container elementor-column-gap-default\">\n\t\t\t\t\t<div class=\"elementor-column elementor-col-100 elementor-top-column elementor-element elementor-element-1e9a1500\" data-id=\"1e9a1500\" data-element_type=\"column\" data-e-type=\"column\">\n\t\t\t<div class=\"elementor-widget-wrap elementor-element-populated\">\n\t\t\t\t\t\t<div class=\"elementor-element elementor-element-226faaf elementor-widget elementor-widget-heading\" data-id=\"226faaf\" data-element_type=\"widget\" data-e-type=\"widget\" data-widget_type=\"heading.default\">\n\t\t\t\t\t<h2 class=\"elementor-heading-title elementor-size-default\">Polityka prywatno\u015bci<\/h2>\t\t\t\t<\/div>\n\t\t\t\t<div class=\"elementor-element elementor-element-6c05c512 elementor-widget elementor-widget-text-editor\" data-id=\"6c05c512\" data-element_type=\"widget\" data-e-type=\"widget\" data-widget_type=\"text-editor.default\">\n\t\t\t\t\t\t\t\t\t<p>Nasza polityka prywatno\u015bci okre\u015bla, w jaki spos\u00f3b gromadzimy, wykorzystujemy i chronimy dane osobowe u\u017cytkownik\u00f3w. Odwiedzaj\u0105c nasz\u0105 witryn\u0119, u\u017cytkownik wyra\u017ca zgod\u0119 na praktyki opisane w niniejszej polityce. Gromadzimy wy\u0142\u0105cznie te dane osobowe, kt\u00f3re s\u0105 niezb\u0119dne do przetwarzania \u017c\u0105da\u0144 u\u017cytkownik\u00f3w i \u015bwiadczenia im \u017c\u0105danych us\u0142ug. Informacje te mog\u0105 obejmowa\u0107 imi\u0119 i nazwisko, adres, numer telefonu, szczeg\u00f3\u0142y p\u0142atno\u015bci i inne. U\u017cywamy tych informacji do zarz\u0105dzania kontem u\u017cytkownika, przetwarzania jego \u017c\u0105da\u0144 i komunikowania si\u0119 z nim w sprawie naszych produkt\u00f3w i us\u0142ug. Mo\u017cemy udost\u0119pnia\u0107 dane u\u017cytkownika stronom trzecim, takim jak agenci dostaw lub dostawcy, w celu realizacji zam\u00f3wie\u0144. Mo\u017cemy r\u00f3wnie\u017c wykorzystywa\u0107 dane u\u017cytkownika do bada\u0144 marketingowych i ankiet, z kt\u00f3rych u\u017cytkownik mo\u017ce w ka\u017cdej chwili zrezygnowa\u0107. Nie sprzedajemy ani nie ujawniamy danych u\u017cytkownika stronom trzecim bez jego zgody, z wyj\u0105tkiem przypadk\u00f3w wymaganych przez prawo. Nasza witryna internetowa mo\u017ce zawiera\u0107 reklamy lub \u0142\u0105cza do innych witryn internetowych, za kt\u00f3re nie ponosimy odpowiedzialno\u015bci.<\/p>\t\t\t\t\t\t\t\t<\/div>\n\t\t\t\t\t<\/div>\n\t\t<\/div>\n\t\t\t\t\t<\/div>\n\t\t<\/section>\n\t\t\t\t<\/div>","protected":false},"excerpt":{"rendered":"<p>Polityka prywatno\u015bci Nasza polityka prywatno\u015bci okre\u015bla, w jaki spos\u00f3b gromadzimy, wykorzystujemy i chronimy dane osobowe u\u017cytkownik\u00f3w. Odwiedzaj\u0105c nasz\u0105 witryn\u0119, u\u017cytkownik wyra\u017ca zgod\u0119 na praktyki opisane w niniejszej polityce. Gromadzimy tylko te dane osobowe, kt\u00f3re s\u0105 niezb\u0119dne do przetwarzania \u017c\u0105da\u0144 i \u015bwiadczenia \u017c\u0105danych us\u0142ug. Informacje te mog\u0105 obejmowa\u0107 imi\u0119 i nazwisko, adres,...<\/p>","protected":false},"author":1,"featured_media":0,"parent":0,"menu_order":0,"comment_status":"closed","ping_status":"closed","template":"","meta":{"_kadence_starter_templates_imported_post":false,"_kad_post_transparent":"","_kad_post_title":"","_kad_post_layout":"","_kad_post_sidebar_id":"","_kad_post_content_style":"","_kad_post_vertical_padding":"","_kad_post_feature":"","_kad_post_feature_position":"","_kad_post_header":false,"_kad_post_footer":false,"_kad_post_classname":"","_joinchat":[],"footnotes":""},"class_list":["post-3","page","type-page","status-publish","hentry"],"_links":{"self":[{"href":"https:\/\/dgtl-planet.media\/polish_iptv\/wp-json\/wp\/v2\/pages\/3","targetHints":{"allow":["GET"]}}],"collection":[{"href":"https:\/\/dgtl-planet.media\/polish_iptv\/wp-json\/wp\/v2\/pages"}],"about":[{"href":"https:\/\/dgtl-planet.media\/polish_iptv\/wp-json\/wp\/v2\/types\/page"}],"author":[{"embeddable":true,"href":"https:\/\/dgtl-planet.media\/polish_iptv\/wp-json\/wp\/v2\/users\/1"}],"replies":[{"embeddable":true,"href":"https:\/\/dgtl-planet.media\/polish_iptv\/wp-json\/wp\/v2\/comments?post=3"}],"version-history":[{"count":24,"href":"https:\/\/dgtl-planet.media\/polish_iptv\/wp-json\/wp\/v2\/pages\/3\/revisions"}],"predecessor-version":[{"id":5527,"href":"https:\/\/dgtl-planet.media\/polish_iptv\/wp-json\/wp\/v2\/pages\/3\/revisions\/5527"}],"wp:attachment":[{"href":"https:\/\/dgtl-planet.media\/polish_iptv\/wp-json\/wp\/v2\/media?parent=3"}],"curies":[{"name":"wp","href":"https:\/\/api.w.org\/{rel}","templated":true}]}}