{"id":1291,"date":"2022-06-10T07:49:23","date_gmt":"2022-06-10T07:49:23","guid":{"rendered":"https:\/\/nouhefikri.ml\/?page_id=1291"},"modified":"2025-01-15T20:19:36","modified_gmt":"2025-01-15T20:19:36","slug":"warunki","status":"publish","type":"page","link":"https:\/\/dgtl-planet.media\/polish_iptv\/warunki\/","title":{"rendered":"Zasady i warunki"},"content":{"rendered":"<div data-elementor-type=\"wp-page\" data-elementor-id=\"1291\" class=\"elementor elementor-1291\" data-elementor-post-type=\"page\">\n\t\t\t\t\t\t<section class=\"elementor-section elementor-top-section elementor-element elementor-element-946a9b1 elementor-section-boxed elementor-section-height-default elementor-section-height-default\" data-id=\"946a9b1\" data-element_type=\"section\" data-e-type=\"section\">\n\t\t\t\t\t\t<div class=\"elementor-container elementor-column-gap-default\">\n\t\t\t\t\t<div class=\"elementor-column elementor-col-100 elementor-top-column elementor-element elementor-element-95d6561\" data-id=\"95d6561\" data-element_type=\"column\" data-e-type=\"column\">\n\t\t\t<div class=\"elementor-widget-wrap elementor-element-populated\">\n\t\t\t\t\t\t<div class=\"elementor-element elementor-element-88d6776 elementor-widget elementor-widget-heading\" data-id=\"88d6776\" data-element_type=\"widget\" data-e-type=\"widget\" data-widget_type=\"heading.default\">\n\t\t\t\t\t<h1 class=\"elementor-heading-title elementor-size-default\">Regulamin<\/h1>\t\t\t\t<\/div>\n\t\t\t\t\t<\/div>\n\t\t<\/div>\n\t\t\t\t\t<\/div>\n\t\t<\/section>\n\t\t\t\t<section class=\"elementor-section elementor-top-section elementor-element elementor-element-21a6a20 elementor-section-boxed elementor-section-height-default elementor-section-height-default\" data-id=\"21a6a20\" data-element_type=\"section\" data-e-type=\"section\">\n\t\t\t\t\t\t<div class=\"elementor-container elementor-column-gap-default\">\n\t\t\t\t\t<div class=\"elementor-column elementor-col-100 elementor-top-column elementor-element elementor-element-e2130b4\" data-id=\"e2130b4\" data-element_type=\"column\" data-e-type=\"column\">\n\t\t\t<div class=\"elementor-widget-wrap elementor-element-populated\">\n\t\t\t\t\t\t<div class=\"elementor-element elementor-element-bc70f1e elementor-widget elementor-widget-text-editor\" data-id=\"bc70f1e\" data-element_type=\"widget\" data-e-type=\"widget\" data-widget_type=\"text-editor.default\">\n\t\t\t\t\t\t\t\t\t<p>Uprzejmie prosimy o zapoznanie si\u0119 z naszymi warunkami przed dokonaniem zakupu w DIGITAL PLANET. Nasze plany abonamentowe IPTV (tylko cyfrowe) oferuj\u0105 dost\u0119p do kana\u0142\u00f3w telewizyjnych na \u017cywo, film\u00f3w na \u017c\u0105danie i program\u00f3w telewizyjnych.<br \/>Subskrybuj\u0105c lub kupuj\u0105c od nas, u\u017cytkownik przyjmuje do wiadomo\u015bci i akceptuje poni\u017csze warunki.<\/p><p><strong>Minimalny dozwolony wiek<\/strong><br \/>Aby m\u00f3c subskrybowa\u0107 i korzysta\u0107 z us\u0142ug DIGITAL PLANET, u\u017cytkownik musi mie\u0107 uko\u0144czone 18 lat.<\/p><p><strong>Dozwolone po\u0142\u0105czenia na subskrypcj\u0119<\/strong><br \/>Ka\u017cda subskrypcja umo\u017cliwia tylko 1 po\u0142\u0105czenie.<br \/>Korzystanie z wi\u0119cej ni\u017c 1 po\u0142\u0105czenia spowoduje zawieszenie subskrypcji i adresu IP przez dostawc\u0119 bez zwrotu koszt\u00f3w.<\/p><p><strong>Liczba kana\u0142\u00f3w telewizyjnych na \u017cywo i VOD <\/strong>Kana\u0142y i VOD mog\u0105 zosta\u0107 zmienione, zaktualizowane lub usuni\u0119te w dowolnym momencie i bez wcze\u015bniejszego powiadomienia.<br \/>Ka\u017cda zmiana kategorii lub czegokolwiek zawartego w tre\u015bci mo\u017ce nast\u0105pi\u0107 w dowolnym momencie.<br \/>DIGITAL PLANET nie ma \u017cadnej kontroli nad dostarczanymi tre\u015bciami lub EPG, ani nad ich aktualizacjami.<\/p><p><strong>Niedopuszczalne zachowanie u\u017cytkownika<\/strong><br \/>DIGITAL PLANET nie zezwala na jakikolwiek rodzaj ponownego strumieniowania, przesy\u0142ania tre\u015bci lub dystrybucji jakiejkolwiek z dostarczonych tre\u015bci.<\/p><p><strong>Jako\u015b\u0107 dostarczanych tre\u015bci<\/strong><br \/>Ze wzgl\u0119du na charakter IPTV i czynniki, od kt\u00f3rych zale\u017cy, takie jak dostawca us\u0142ug internetowych, pr\u0119dko\u015b\u0107 Internetu, przepustowo\u015b\u0107, \u017ar\u00f3d\u0142a przesy\u0142ania strumieniowego i wiele innych zmiennych, nie mo\u017cemy zagwarantowa\u0107, \u017ce jakakolwiek zawarto\u015b\u0107 b\u0119dzie dzia\u0142a\u0107 100% przez ca\u0142y czas, mo\u017cliwe jest znalezienie problem\u00f3w, takich jak buforowanie, zamra\u017canie lub niedzia\u0142aj\u0105ca zawarto\u015b\u0107<br \/>W zwi\u0105zku z tym nale\u017cy upewni\u0107 si\u0119, \u017ce po\u0142\u0105czenie internetowe jest szybkie, a dostawca us\u0142ug internetowych umo\u017cliwia korzystanie z serwer\u00f3w IPTV, aby ograniczy\u0107 mo\u017cliwo\u015b\u0107 wyst\u0105pienia problem\u00f3w.<br \/>Nale\u017cy pami\u0119ta\u0107, \u017ce udost\u0119pnianie subskrypcji spowoduje r\u00f3wnie\u017c natychmiastowe zako\u0144czenie subskrypcji bez wcze\u015bniejszego powiadomienia.<\/p><p><strong>Zasady korzystania z proxy \/ VPN<\/strong><br \/>Korzystanie z aplikacji lub serwer\u00f3w Proxy \/ VPN jest niedozwolone i mo\u017ce skutkowa\u0107 zawieszeniem us\u0142ugi bez zwrotu koszt\u00f3w.<\/p><p><strong>Nieobs\u0142ugiwane kraje<\/strong><br \/>Nasza us\u0142uga dzia\u0142a w dowolnym miejscu na \u015bwiecie, O ILE dostawca us\u0142ug internetowych nie blokuje naszych us\u0142ug.<\/p><p><strong>Op\u0142aty za wykorzystanie danych<\/strong><br \/>Klient jest odpowiedzialny za wszelkie wydatki lub op\u0142aty zwi\u0105zane z wykorzystaniem danych lub op\u0142atami internetowymi.<\/p><p><strong>Dostarczone informacje<\/strong><br \/>Wszelkie dostarczone informacje lub dane musz\u0105 by\u0107 dok\u0142adne.<br \/>U\u017cytkownik musi by\u0107 w\u0142a\u015bcicielem lub mie\u0107 prawo do korzystania z metody p\u0142atno\u015bci u\u017cytej do zakupu dowolnego produktu od nas.<\/p><p><strong>Zmiany w naszym Regulaminie<\/strong><br \/>Mo\u017cliwe jest, \u017ce w dowolnym momencie i bez wcze\u015bniejszego powiadomienia niniejsze Warunki zostan\u0105 zmienione.<br \/>W tym naszej Polityki Prywatno\u015bci, z powiadomieniem lub bez powiadomienia Klienta. Wszelkie takie zmiany b\u0119d\u0105 obowi\u0105zywa\u0107 natychmiast po ich opublikowaniu. Dalsze korzystanie przez u\u017cytkownika z naszej Us\u0142ugi i niniejszej Witryny po wprowadzeniu takich zmian stanowi uznanie przez u\u017cytkownika niniejszych zmienionych Warunk\u00f3w.<br \/>Liczba kana\u0142\u00f3w i film\u00f3w w bibliotece VOD mo\u017ce ulec zmianie na podstawie cotygodniowej aktualizacji.<\/p><p><strong>Wycena<\/strong><br \/>Us\u0142ugi \u015bwiadczone przez DIGITAL PLANET mog\u0105 podlega\u0107 zmianom i aktualizacjom w dowolnym czasie i bez wcze\u015bniejszego powiadomienia.<br \/>Rabaty i promocje mog\u0105 pojawi\u0107 si\u0119 w dowolnym momencie, w przypadku gdy us\u0142uga zakupiona przed ofert\u0105 nie mo\u017ce zosta\u0107 zwr\u00f3cona w celu skorzystania z oferty.<\/p><p><strong>Szczeg\u00f3\u0142y subskrypcji<\/strong><br \/>Nale\u017cy post\u0119powa\u0107 zgodnie ze szczeg\u00f3\u0142ami i instrukcjami przed zakupem subskrypcji IPTV od nas lub w przypadku jakichkolwiek problem\u00f3w.<\/p><p><strong>Zawieszenie i przestoje<\/strong><br \/>opr\u00f3cz naszego prawa i warunk\u00f3w do zako\u0144czenia lub wy\u0142\u0105czenia subskrypcji, u\u017cytkownik potwierdza i zgadza si\u0119 na przestoje w przypadku konserwacji serwera lub jakichkolwiek aktualizacji lub problem\u00f3w zwi\u0105zanych z serwerem, o kt\u00f3rych nie zostanie poinformowany przed ich wyst\u0105pieniem.<br \/>Wszelkie komunikaty i warunki, kt\u00f3re maj\u0105 zosta\u0107 przedstawione lub zaoferowane w zwi\u0105zku z niniejsz\u0105 Umow\u0105, musz\u0105 by\u0107 sporz\u0105dzone w j\u0119zyku angielskim. Mamy prawo do natychmiastowego zako\u0144czenia lub ograniczenia korzystania z us\u0142ug lub dost\u0119pu do tre\u015bci w dowolnym momencie, bez wcze\u015bniejszego powiadomienia lub ponoszenia odpowiedzialno\u015bci, w przypadku gdy DIGITAL PLANET zdecyduje wed\u0142ug w\u0142asnego uznania, \u017ce naruszy\u0142e\u015b kt\u00f3rykolwiek z powy\u017cszych warunk\u00f3w, jakiekolwiek prawo lub regulacje dotycz\u0105ce jakichkolwiek tre\u015bci, w tym<br \/>- Logo DIGITAL PLANET oraz inne znaki towarowe, zdj\u0119cia i tre\u015bci pisemne DIGITAL PLANET s\u0105 w\u0142asno\u015bci\u0105 DIGITAL PLANET. Wszystkie znaki towarowe DIGITAL PLANET nie mog\u0105 by\u0107 kopiowane, pobierane, udost\u0119pniane ani wykorzystywane w \u017caden spos\u00f3b.<\/p>\t\t\t\t\t\t\t\t<\/div>\n\t\t\t\t\t<\/div>\n\t\t<\/div>\n\t\t\t\t\t<\/div>\n\t\t<\/section>\n\t\t\t\t<\/div>","protected":false},"excerpt":{"rendered":"<p>Regulamin Uprzejmie prosimy o przeczytanie i zrozumienie naszego regulaminu przed dokonaniem zakupu w DIGITAL PLANET. Nasze plany subskrypcji IPTV (tylko cyfrowe) oferuj\u0105 dost\u0119p do kana\u0142\u00f3w telewizyjnych na \u017cywo, film\u00f3w na \u017c\u0105danie i program\u00f3w telewizyjnych. Subskrybuj\u0105c lub kupuj\u0105c od nas, potwierdzasz i zgadzasz si\u0119 na poni\u017csze warunki....<\/p>","protected":false},"author":1,"featured_media":0,"parent":0,"menu_order":0,"comment_status":"closed","ping_status":"closed","template":"elementor_header_footer","meta":{"_kadence_starter_templates_imported_post":false,"_kad_post_transparent":"","_kad_post_title":"hide","_kad_post_layout":"fullwidth","_kad_post_sidebar_id":"","_kad_post_content_style":"unboxed","_kad_post_vertical_padding":"hide","_kad_post_feature":"hide","_kad_post_feature_position":"","_kad_post_header":false,"_kad_post_footer":false,"_kad_post_classname":"","_joinchat":[],"footnotes":""},"class_list":["post-1291","page","type-page","status-publish","hentry"],"_links":{"self":[{"href":"https:\/\/dgtl-planet.media\/polish_iptv\/wp-json\/wp\/v2\/pages\/1291","targetHints":{"allow":["GET"]}}],"collection":[{"href":"https:\/\/dgtl-planet.media\/polish_iptv\/wp-json\/wp\/v2\/pages"}],"about":[{"href":"https:\/\/dgtl-planet.media\/polish_iptv\/wp-json\/wp\/v2\/types\/page"}],"author":[{"embeddable":true,"href":"https:\/\/dgtl-planet.media\/polish_iptv\/wp-json\/wp\/v2\/users\/1"}],"replies":[{"embeddable":true,"href":"https:\/\/dgtl-planet.media\/polish_iptv\/wp-json\/wp\/v2\/comments?post=1291"}],"version-history":[{"count":44,"href":"https:\/\/dgtl-planet.media\/polish_iptv\/wp-json\/wp\/v2\/pages\/1291\/revisions"}],"predecessor-version":[{"id":8679,"href":"https:\/\/dgtl-planet.media\/polish_iptv\/wp-json\/wp\/v2\/pages\/1291\/revisions\/8679"}],"wp:attachment":[{"href":"https:\/\/dgtl-planet.media\/polish_iptv\/wp-json\/wp\/v2\/media?parent=1291"}],"curies":[{"name":"wp","href":"https:\/\/api.w.org\/{rel}","templated":true}]}}