{"id":10,"date":"2022-06-05T09:15:39","date_gmt":"2022-06-05T09:15:39","guid":{"rendered":"https:\/\/nouhefikri.ml\/?page_id=10"},"modified":"2026-01-28T13:43:42","modified_gmt":"2026-01-28T13:43:42","slug":"politique_des_retours_de_remboursements","status":"publish","type":"page","link":"https:\/\/dgtl-planet.media\/francais_iptv\/politique_des_retours_de_remboursements\/","title":{"rendered":"Politique de remboursement"},"content":{"rendered":"<div data-elementor-type=\"wp-page\" data-elementor-id=\"10\" class=\"elementor elementor-10\" data-elementor-post-type=\"page\">\n\t\t\t\t\t\t<section class=\"elementor-section elementor-top-section elementor-element elementor-element-2d5fcce0 elementor-section-boxed elementor-section-height-default elementor-section-height-default\" data-id=\"2d5fcce0\" data-element_type=\"section\" data-e-type=\"section\">\n\t\t\t\t\t\t<div class=\"elementor-container elementor-column-gap-default\">\n\t\t\t\t\t<div class=\"elementor-column elementor-col-100 elementor-top-column elementor-element elementor-element-1cab5e96\" data-id=\"1cab5e96\" data-element_type=\"column\" data-e-type=\"column\">\n\t\t\t<div class=\"elementor-widget-wrap elementor-element-populated\">\n\t\t\t\t\t\t<div class=\"elementor-element elementor-element-4eb098c elementor-widget elementor-widget-heading\" data-id=\"4eb098c\" data-element_type=\"widget\" data-e-type=\"widget\" data-widget_type=\"heading.default\">\n\t\t\t\t\t<h2 class=\"elementor-heading-title elementor-size-default\">Politique de remboursement<\/h2>\t\t\t\t<\/div>\n\t\t\t\t<div class=\"elementor-element elementor-element-353c8ce9 elementor-widget elementor-widget-text-editor\" data-id=\"353c8ce9\" data-element_type=\"widget\" data-e-type=\"widget\" data-widget_type=\"text-editor.default\">\n\t\t\t\t\t\t\t\t\t<p data-start=\"189\" data-end=\"342\">Tout d'abord, nous tenons \u00e0 vous remercier de l'int\u00e9r\u00eat que vous portez \u00e0 nos produits. Veuillez lire attentivement notre politique de remboursement avant de passer votre commande.<\/p><p data-start=\"344\" data-end=\"523\">Une fois votre abonnement activ\u00e9 (l'activation a lieu dans les 24 heures suivant la commande), nous vous offrons une <strong data-start=\"449\" data-end=\"490\">50% remboursement du montant de l'abonnement<\/strong> si la demande de remboursement est approuv\u00e9e.<\/p><p data-start=\"525\" data-end=\"734\">Avant d'envisager un remboursement, <strong data-start=\"558\" data-end=\"646\">nous ferons de notre mieux pour r\u00e9soudre les probl\u00e8mes et veiller \u00e0 ce que votre abonnement fonctionne correctement<\/strong>. Il peut s'agir de contr\u00f4les techniques, d'une aide \u00e0 la configuration et d'une v\u00e9rification du contenu.<\/p><p data-start=\"736\" data-end=\"965\">S'il est confirm\u00e9 que le service est pleinement fonctionnel et qu'il y a <strong data-start=\"806\" data-end=\"859\">aucun probl\u00e8me technique ou de service de notre part<\/strong>, l'abonnement sera consid\u00e9r\u00e9 comme livr\u00e9 comme promis et <strong data-start=\"923\" data-end=\"964\">vous n'aurez pas droit \u00e0 un remboursement<\/strong>.<\/p><p data-start=\"967\" data-end=\"1005\">Pour demander un remboursement, vous devez fournir<\/p><ul data-start=\"1006\" data-end=\"1166\"><li data-start=\"1006\" data-end=\"1028\"><p data-start=\"1008\" data-end=\"1028\"><strong data-start=\"1008\" data-end=\"1028\">Preuve de paiement<\/strong><\/p><\/li><li data-start=\"1029\" data-end=\"1077\"><p data-start=\"1031\" data-end=\"1077\"><strong data-start=\"1031\" data-end=\"1077\">Preuve que l'abonnement ne fonctionne pas<\/strong><\/p><\/li><li data-start=\"1078\" data-end=\"1101\"><p data-start=\"1080\" data-end=\"1101\"><strong data-start=\"1080\" data-end=\"1101\">Date de la commande<\/strong><\/p><\/li><li data-start=\"1102\" data-end=\"1166\"><p data-start=\"1104\" data-end=\"1166\"><strong data-start=\"1104\" data-end=\"1166\">Toute information suppl\u00e9mentaire susceptible d'\u00e9tayer votre dossier<\/strong><\/p><\/li><\/ul><p data-start=\"1168\" data-end=\"1304\">Une fois la demande soumise, <strong data-start=\"1200\" data-end=\"1266\">notre service des remboursements vous contactera pour vous aider.<\/strong> et vous guidera dans les \u00e9tapes suivantes.<\/p><p data-start=\"1306\" data-end=\"1445\">Pour toute question, tout probl\u00e8me technique ou toute clarification concernant notre contenu ou cette politique de remboursement, veuillez nous contacter - nous serons heureux de vous aider.<\/p>\t\t\t\t\t\t\t\t<\/div>\n\t\t\t\t\t<\/div>\n\t\t<\/div>\n\t\t\t\t\t<\/div>\n\t\t<\/section>\n\t\t\t\t<\/div>","protected":false},"excerpt":{"rendered":"<p>Politique de remboursement Tout d'abord, nous tenons \u00e0 vous remercier de l'int\u00e9r\u00eat que vous portez \u00e0 nos produits. Veuillez lire attentivement notre politique de remboursement avant de finaliser votre commande. Une fois votre abonnement activ\u00e9 (l'activation a lieu dans les 24 heures suivant la commande), nous offrons un remboursement 50% du montant de l'abonnement si une demande de remboursement...<\/p>","protected":false},"author":1,"featured_media":0,"parent":0,"menu_order":0,"comment_status":"closed","ping_status":"closed","template":"","meta":{"_kadence_starter_templates_imported_post":false,"_kad_post_transparent":"","_kad_post_title":"","_kad_post_layout":"","_kad_post_sidebar_id":"","_kad_post_content_style":"","_kad_post_vertical_padding":"","_kad_post_feature":"","_kad_post_feature_position":"","_kad_post_header":false,"_kad_post_footer":false,"_kad_post_classname":"","_joinchat":[],"footnotes":""},"class_list":["post-10","page","type-page","status-publish","hentry"],"_links":{"self":[{"href":"https:\/\/dgtl-planet.media\/francais_iptv\/wp-json\/wp\/v2\/pages\/10","targetHints":{"allow":["GET"]}}],"collection":[{"href":"https:\/\/dgtl-planet.media\/francais_iptv\/wp-json\/wp\/v2\/pages"}],"about":[{"href":"https:\/\/dgtl-planet.media\/francais_iptv\/wp-json\/wp\/v2\/types\/page"}],"author":[{"embeddable":true,"href":"https:\/\/dgtl-planet.media\/francais_iptv\/wp-json\/wp\/v2\/users\/1"}],"replies":[{"embeddable":true,"href":"https:\/\/dgtl-planet.media\/francais_iptv\/wp-json\/wp\/v2\/comments?post=10"}],"version-history":[{"count":29,"href":"https:\/\/dgtl-planet.media\/francais_iptv\/wp-json\/wp\/v2\/pages\/10\/revisions"}],"predecessor-version":[{"id":8767,"href":"https:\/\/dgtl-planet.media\/francais_iptv\/wp-json\/wp\/v2\/pages\/10\/revisions\/8767"}],"wp:attachment":[{"href":"https:\/\/dgtl-planet.media\/francais_iptv\/wp-json\/wp\/v2\/media?parent=10"}],"curies":[{"name":"wp","href":"https:\/\/api.w.org\/{rel}","templated":true}]}}