{"id":10,"date":"2022-06-05T09:15:39","date_gmt":"2022-06-05T09:15:39","guid":{"rendered":"https:\/\/nouhefikri.ml\/?page_id=10"},"modified":"2026-01-28T13:43:42","modified_gmt":"2026-01-28T13:43:42","slug":"politica-de-devoluciones","status":"publish","type":"page","link":"https:\/\/dgtl-planet.media\/espanol_iptv\/politica-de-devoluciones\/","title":{"rendered":"Pol\u00edtica de reembolso"},"content":{"rendered":"<div data-elementor-type=\"wp-page\" data-elementor-id=\"10\" class=\"elementor elementor-10\" data-elementor-post-type=\"page\">\n\t\t\t\t\t\t<section class=\"elementor-section elementor-top-section elementor-element elementor-element-2d5fcce0 elementor-section-boxed elementor-section-height-default elementor-section-height-default\" data-id=\"2d5fcce0\" data-element_type=\"section\" data-e-type=\"section\">\n\t\t\t\t\t\t<div class=\"elementor-container elementor-column-gap-default\">\n\t\t\t\t\t<div class=\"elementor-column elementor-col-100 elementor-top-column elementor-element elementor-element-1cab5e96\" data-id=\"1cab5e96\" data-element_type=\"column\" data-e-type=\"column\">\n\t\t\t<div class=\"elementor-widget-wrap elementor-element-populated\">\n\t\t\t\t\t\t<div class=\"elementor-element elementor-element-4eb098c elementor-widget elementor-widget-heading\" data-id=\"4eb098c\" data-element_type=\"widget\" data-e-type=\"widget\" data-widget_type=\"heading.default\">\n\t\t\t\t\t<h2 class=\"elementor-heading-title elementor-size-default\">Pol\u00edtica de reembolso<\/h2>\t\t\t\t<\/div>\n\t\t\t\t<div class=\"elementor-element elementor-element-353c8ce9 elementor-widget elementor-widget-text-editor\" data-id=\"353c8ce9\" data-element_type=\"widget\" data-e-type=\"widget\" data-widget_type=\"text-editor.default\">\n\t\t\t\t\t\t\t\t\t<p data-start=\"189\" data-end=\"342\">En primer lugar, nos gustar\u00eda agradecerle su inter\u00e9s en comprarnos. Por favor, revise nuestra pol\u00edtica de reembolso cuidadosamente antes de completar su pedido.<\/p><p data-start=\"344\" data-end=\"523\">Una vez activada su suscripci\u00f3n (la activaci\u00f3n se produce en las 24 horas siguientes a la realizaci\u00f3n del pedido), le ofrecemos un <strong data-start=\"449\" data-end=\"490\">50% devoluci\u00f3n del importe de la suscripci\u00f3n<\/strong> si se aprueba una solicitud de reembolso.<\/p><p data-start=\"525\" data-end=\"734\">Antes de considerar cualquier reembolso, <strong data-start=\"558\" data-end=\"646\">haremos todo lo posible para solucionar los problemas y garantizar que su suscripci\u00f3n funcione correctamente<\/strong>. Esto puede incluir comprobaciones t\u00e9cnicas, asistencia en la configuraci\u00f3n y verificaci\u00f3n de contenidos.<\/p><p data-start=\"736\" data-end=\"965\">Si se confirma que el servicio funciona plenamente y hay <strong data-start=\"806\" data-end=\"859\">ning\u00fan problema t\u00e9cnico o de servicio por nuestra parte<\/strong>, la suscripci\u00f3n se considerar\u00e1 entregada seg\u00fan lo prometido y <strong data-start=\"923\" data-end=\"964\">no tendr\u00e1 derecho a reembolso<\/strong>.<\/p><p data-start=\"967\" data-end=\"1005\">Para solicitar un reembolso, debe facilitar:<\/p><ul data-start=\"1006\" data-end=\"1166\"><li data-start=\"1006\" data-end=\"1028\"><p data-start=\"1008\" data-end=\"1028\"><strong data-start=\"1008\" data-end=\"1028\">Justificante de pago<\/strong><\/p><\/li><li data-start=\"1029\" data-end=\"1077\"><p data-start=\"1031\" data-end=\"1077\"><strong data-start=\"1031\" data-end=\"1077\">Prueba de que la suscripci\u00f3n no funciona<\/strong><\/p><\/li><li data-start=\"1078\" data-end=\"1101\"><p data-start=\"1080\" data-end=\"1101\"><strong data-start=\"1080\" data-end=\"1101\">Fecha de la orden<\/strong><\/p><\/li><li data-start=\"1102\" data-end=\"1166\"><p data-start=\"1104\" data-end=\"1166\"><strong data-start=\"1104\" data-end=\"1166\">Cualquier informaci\u00f3n adicional que pueda ayudar a respaldar su caso<\/strong><\/p><\/li><\/ul><p data-start=\"1168\" data-end=\"1304\">Una vez enviada su solicitud, <strong data-start=\"1200\" data-end=\"1266\">nuestro departamento de devoluciones se pondr\u00e1 en contacto con usted para ofrecerle m\u00e1s ayuda<\/strong> y le guiar\u00e1 en los siguientes pasos.<\/p><p data-start=\"1306\" data-end=\"1445\">Para cualquier pregunta, duda t\u00e9cnica o aclaraci\u00f3n sobre nuestro contenido o esta pol\u00edtica de reembolso, p\u00f3ngase en contacto con nosotros: estaremos encantados de ayudarle.<\/p>\t\t\t\t\t\t\t\t<\/div>\n\t\t\t\t\t<\/div>\n\t\t<\/div>\n\t\t\t\t\t<\/div>\n\t\t<\/section>\n\t\t\t\t<\/div>","protected":false},"excerpt":{"rendered":"<p>Pol\u00edtica de devoluciones En primer lugar, nos gustar\u00eda agradecerle su inter\u00e9s en comprarnos. Por favor, revise detenidamente nuestra pol\u00edtica de reembolso antes de completar su pedido. Una vez activada su suscripci\u00f3n (la activaci\u00f3n se produce en las 24 horas siguientes a la realizaci\u00f3n del pedido), le ofrecemos un reembolso 50% del importe de la suscripci\u00f3n si...<\/p>","protected":false},"author":1,"featured_media":0,"parent":0,"menu_order":0,"comment_status":"closed","ping_status":"closed","template":"","meta":{"_kadence_starter_templates_imported_post":false,"_kad_post_transparent":"","_kad_post_title":"","_kad_post_layout":"","_kad_post_sidebar_id":"","_kad_post_content_style":"","_kad_post_vertical_padding":"","_kad_post_feature":"","_kad_post_feature_position":"","_kad_post_header":false,"_kad_post_footer":false,"_kad_post_classname":"","_joinchat":[],"footnotes":""},"class_list":["post-10","page","type-page","status-publish","hentry"],"_links":{"self":[{"href":"https:\/\/dgtl-planet.media\/espanol_iptv\/wp-json\/wp\/v2\/pages\/10","targetHints":{"allow":["GET"]}}],"collection":[{"href":"https:\/\/dgtl-planet.media\/espanol_iptv\/wp-json\/wp\/v2\/pages"}],"about":[{"href":"https:\/\/dgtl-planet.media\/espanol_iptv\/wp-json\/wp\/v2\/types\/page"}],"author":[{"embeddable":true,"href":"https:\/\/dgtl-planet.media\/espanol_iptv\/wp-json\/wp\/v2\/users\/1"}],"replies":[{"embeddable":true,"href":"https:\/\/dgtl-planet.media\/espanol_iptv\/wp-json\/wp\/v2\/comments?post=10"}],"version-history":[{"count":29,"href":"https:\/\/dgtl-planet.media\/espanol_iptv\/wp-json\/wp\/v2\/pages\/10\/revisions"}],"predecessor-version":[{"id":8767,"href":"https:\/\/dgtl-planet.media\/espanol_iptv\/wp-json\/wp\/v2\/pages\/10\/revisions\/8767"}],"wp:attachment":[{"href":"https:\/\/dgtl-planet.media\/espanol_iptv\/wp-json\/wp\/v2\/media?parent=10"}],"curies":[{"name":"wp","href":"https:\/\/api.w.org\/{rel}","templated":true}]}}